e the remainder when 25488585 is divided by 289643.
1
What is the remainder when 5548 is divided by 3290?
2258
Calculate the remainder when 9087261 is divided by 148.
61
What is the remainder when 723246 is divided by 290?
276
Calculate the remainder when 1710224 is divided by 7009.
28
Calculate the remainder when 1110870383 is divided by 1261.
1260
Calculate the remainder when 27387 is divided by 27301.
86
Calculate the remainder when 1237282 is divided by 792.
178
Calculate the remainder when 82308 is divided by 27114.
966
Calculate the remainder when 4281557 is divided by 307.
135
Calculate the remainder when 16519753 is divided by 32015.
13
Calculate the remainder when 33676519 is divided by 11225496.
31
Calculate the remainder when 6620068 is divided by 247.
221
Calculate the remainder when 2262864 is divided by 754165.
369
Calculate the remainder when 155846 is divided by 2459.
929
Calculate the remainder when 467371 is divided by 35920.
411
Calculate the remainder when 5464646 is divided by 1275.
1271
Calculate the remainder when 3225670 is divided by 5791.
83
What is the remainder when 190707 is divided by 910?
517
What is the remainder when 403037 is divided by 4282?
529
What is the remainder when 425054 is divided by 141517?
503
What is the remainder when 4923817 is divided by 4923816?
1
What is the remainder when 89806 is divided by 29569?
1099
What is the remainder when 39176 is divided by 612?
8
Calculate the remainder when 309853 is divided by 486.
271
Calculate the remainder when 3391812 is divided by 70660.
132
Calculate the remainder when 4430412 is divided by 2349.
198
What is the remainder when 19418239 is divided by 1886?
1869
What is the remainder when 1461559 is divided by 18981?
22
Calculate the remainder when 2543858 is divided by 1364.
1362
What is the remainder when 1074388 is divided by 358113?
49
Calculate the remainder when 738653 is divided by 246215.
8
What is the remainder when 3927817 is divided by 6831?
6823
Calculate the remainder when 1462554 is divided by 4940.
314
Calculate the remainder when 416044 is divided by 1378.
1266
What is the remainder when 140679 is divided by 139672?
1007
What is the remainder when 8176722 is divided by 4299?
24
Calculate the remainder when 301125 is divided by 90.
75
Calculate the remainder when 29264351 is divided by 17.
7
What is the remainder when 6744581 is divided by 2350?
81
Calculate the remainder when 3476165 is divided by 355.
5
Calculate the remainder when 32450922 is divided by 295.
37
What is the remainder when 193126 is divided by 13?
11
What is the remainder when 62792781 is divided by 509?
505
What is the remainder when 7936118 is divided by 2645360?
38
What is the remainder when 33735255 is divided by 8?
7
What is the remainder when 3488470 is divided by 228?
70
Calculate the remainder when 619866 is divided by 69.
39
What is the remainder when 4150274 is divided by 10808?
2
Calculate the remainder when 10443734 is divided by 1205.
1204
Calculate the remainder when 157702 is divided by 694.
164
What is the remainder when 3827278 is divided by 33280?
78
Calculate the remainder when 991423 is divided by 141589.
300
What is the remainder when 3297734 is divided by 41218?
294
Calculate the remainder when 267227 is divided by 7099.
4564
Calculate the remainder when 1830297 is divided by 11510.
207
What is the remainder when 12830385 is divided by 9061?
9
What is the remainder when 1505847 is divided by 176?
167
What is the remainder when 12068935 is divided by 169985?
0
Calculate the remainder when 247984 is divided by 30988.
80
What is the remainder when 80748 is divided by 15920?
1148
Calculate the remainder when 45799462 is divided by 8524.
10
What is the remainder when 25536727 is divided by 2879?
2876
What is the remainder when 436960 is divided by 16800?
160
Calculate the remainder when 102291878 is divided by 20.
18
Calculate the remainder when 16795479 is divided by 1272.
1263
Calculate the remainder when 5604403 is divided by 24798.
55
Calculate the remainder when 2324378 is divided by 34692.
14
What is the remainder when 26537361 is divided by 186?
183
Calculate the remainder when 125650 is divided by 23.
1
Calculate the remainder when 773256 is divided by 85913.
39
Calculate the remainder when 96391724 is divided by 1036470.
14
Calculate the remainder when 21709401 is divided by 286.
285
What is the remainder when 604566 is divided by 660?
6
Calculate the remainder when 84103 is divided by 2897.
90
What is the remainder when 1888479 is divided by 6867?
54
What is the remainder when 849952 is divided by 49989?
139
What is the remainder when 34690 is divided by 996?
826
Calculate the remainder when 6864980 is divided by 1144137.
158
Calculate the remainder when 368406 is divided by 1014.
324
Calculate the remainder when 181270175 is divided by 52.
47
What is the remainder when 281437 is divided by 10089?
9034
What is the remainder when 55177 is divided by 12749?
4181
What is the remainder when 2887865 is divided by 9287?
8895
What is the remainder when 9437398 is divided by 60?
58
What is the remainder when 1789867 is divided by 609?
16
What is the remainder when 1678507 is divided by 209802?
91
What is the remainder when 1304092 is divided by 7209?
6472
Calculate the remainder when 845213 is divided by 488.
485
Calculate the remainder when 695429 is divided by 2749.
2681
Calculate the remainder when 439694 is divided by 130.
34
Calculate the remainder when 11524259 is divided by 252.
47
Calculate the remainder when 19016612 is divided by 231.
230
What is the remainder when 1992950 is divided by 2007?
2006
What is the remainder when 15648290 is divided by 1258?
28
What is the remainder when 62826363 is divided by 37?
30
Calculate the remainder when 205998 is divided by 101275.
3448
What is the remainder when 235346086 is divided by 22092?
10
Calculate the remainder when 1031847 is divided by 6216.
6207
Calculate the remainder when 3856 is divided by 3819.
37
What is the remainder when 86084 is divided by 90?
44
What is the remainder when 3659424 is divided by 294?
6
Calculate the remainder when 255816 is divided by 349.
348
Calculate the remainder when 8131048 is divided by 1426.
1422
What is the remainder when 70006 is divided by 368?
86
What is the remainder when 12934437 is divided by 26343?
24
What is the remainder when 1499799 is divided by 249946?
123
What is the remainder when 571458 is divided by 21148?
462
What is the remainder when 181167 is divided by 30?
27
Calculate the remainder when 1089885 is divided by 216789.
5940
Calculate the remainder when 105381 is divided by 548.
165
What is the remainder when 108125 is divided by 1248?
797
Calculate the remainder when 23219 is divided by 51.
14
Calculate the remainder when 534797 is divided by 267392.
13
Calculate the remainder when 28378391 is divided by 191.
184
Calculate the remainder when 396504209 is divided by 132168069.
2
Calculate the remainder when 40445 is divided by 652.
21
Calculate the remainder when 2835056 is divided by 16200.
56
Calculate the remainder when 32273474 is divided by 44.
2
What is the remainder when 5671866 is divided by 18781?
4
What is the remainder when 57758 is divided by 397?
193
Calculate the remainder when 384974 is divided by 719.
309
Calculate the remainder when 391768 is divided by 97941.
4
Calculate the remainder when 273125 is divided by 272322.
803
Calculate the remainder when 203741 is divided by 101850.
41
What is the remainder when 26937213 is divided by 7306?
7297
What is the remainder when 40734 is divided by 118?
24
Calculate the remainder when 615163 is divided by 12062.
1
Calculate the remainder when 212407318 is divided by 120.
118
What is the remainder when 85198643 is divided by 28399533?
44
Calculate the remainder when 1226463 is divided by 1713.
1668
Calculate the remainder when 158366 is divided by 926.
20
What is the remainder when 324985271 is divided by 154?
149
Calculate the remainder when 550074 is divided by 11703.
33
Calculate the remainder when 3637741 is divided by 16610.
151
Calculate the remainder when 106279091 is divided by 65.
61
Calculate the remainder when 2221517 is divided by 16.
13
Calculate the remainder when 6166716 is 